pose 2*y + 15 = -5*b, -3*y + 0*y + 2*b - 13 = 0. Let n be h(y). Calculate w(n).
-6
Let y(x) = -7*x**2 + 2*x + 2. Let v = 97 + -95. Calculate y(v).
-22
Let z(m) = -m**2 + m + 1. Suppose 4*n + 118 = 3*u, u = 4*u - n - 106. Let l = 14 - u. Let k = l - -23. Give z(k).
-5
Let y(i) be the first derivative of 6*i + 3/2*i**2 - 1/3*i**3 - 30. Give y(5).
-4
Suppose 2*a - 1 = r - 2*r, -13 = -5*r - 2*a. Let u(f) be the second derivative of 0 + 1/6*f**r - 2*f + 3/2*f**2. What is u(-4)?
-1
Let y(p) = 525*p - 1063*p + 540*p - 10. Calculate y(13).
16
Let f = -6 - -3. Suppose 4*y = y + 6. Let c(a) = -2*a**y + 1 + 6*a**2 - 5*a**2 - 2*a - 2*a. Calculate c(f).
4
Let l(v) = -6 - 4*v**2 + 3 + v**3 + 2 - 1. Calculate l(3).
-11
Let q be (-5 - -10) + -2*1. Let c(d) = -2*d + 3. Let m(h) = -h + 2. Let b(n) = 3*c(n) - 5*m(n). Calculate b(q).
-4
Let o(z) = 32*z - 2. Let h be (-7)/(21/2)*3/2. What is o(h)?
-34
Let x(z) = z**3 - 4*z**2 - 6*z - 3. Suppose -4*h + 16 = -7*n + 4*n, -5*n = 5*h - 20. Suppose 4*o = 5*g + 30, 3*o = -n*g - 2*g + 11. Calculate x(o).
-8
Let u(g) = g**2 + g + 2. Let d(k) = -4*k**2 - 10*k - 3. Let y(v) = d(v) + 5*u(v). What is y(7)?
21
Let o(y) = -y**2 - y + 1. Let h(x) = 5*x**2 - 2*x + 2. Let v(t) = h(t) + 4*o(t). Let d(m) = m + 34. Let b be d(-15). Suppose 0 = -6*j + 55 - b. What is v(j)?
6
Let w = 894 + -893. Let x(d) = 7*d**2 + d - 1. Determine x(w).
7
Let l(j) = -j**3 - 7*j**2 - 8*j - 1. Suppose -11*f - 12 = -9*f. Determine l(f).
11
Suppose -26 = -2*b + 3*p, -p - 3*p - 48 = -4*b. Let c(u) = -u + 13. What is c(b)?
3
Let k = 30 - 20. Let c = -7 + k. Let y(r) = 9*r**c + 3*r + 1 - 4*r - r. What is y(1)?
8
Let z(a) = 183*a**2 - 66*a + 17. Let g(b) = -46*b**2 + 15*b - 4. Let h(k) = 9*g(k) + 2*z(k). Give h(1).
-47
Let x(a) = -5 - 44*a + 6 + 0 + 50*a. Calculate x(1).
7
Let i(w) = -w**3 + 3*w**2 - 2*w + 3. Let r be i(2). Let f(u) be the first derivative of -u**2/2 - 490. Calculate f(r).
-3
Let u(c) = 1. Let n(p) = 6. Let t(a) = n(a) - 5*u(a). Let o(x) = x - 11. Let q(g) = -o(g) - 6*t(g). Let h be 69/15 - 2/(-5). Give q(h).
0
Let t(j) = -10*j + 1 - 8*j + 24*j - 7*j. Suppose 42 - 18 = -6*i. Calculate t(i).
5
Let v = -283 - -289. Let o(k) = -5*k - 4. What is o(v)?
-34
Let r(x) be the first derivative of -x**4/4 + x**3/3 + 3*x**2/2 + 3*x - 4195. Suppose 4*m = 3*m - 3. Let l be (1 - 0) + (m - -5). What is r(l)?
-6
Let p(f) = -f + 2. Let c = 1819 + -1818. What is p(c)?
1
Let i(f) = 736 + f - 370 - 368. Determine i(0).
-2
Let i = -65 - -73. Let n(s) = s**2 - 5*s + 3. What is n(i)?
27
Let v(t) = -t + 1. Suppose 0 = -j + 2*l + 2*l + 23, 4*j + 5*l - 8 = 0. Suppose j*b - 5 = 2*b. Determine v(b).
0
Let p(l) = 7*l**2 + 5*l + 1. Let x(d) = -10*d**2 - 8*d - 2. Let q(k) = -7*p(k) - 5*x(k). Suppose 2*s - 21 = s + 5*h, 0 = -2*s - 3*h - 23. Calculate q(s).
-1
Let j(v) = v**2 + 5*v. Suppose -5*f + 38 = -137. Let g = f - 42. Calculate j(g).
14
Let d = -3301 - -3299. Let q(x) = 2*x**2 - 5*x**3 + 4 - 2 - 3*x**2 + 2*x. Give q(d).
34
Let q be 48/2*14/(-28). Let i(a) = -a**2 - 9*a. Let y be i(q). Let j = 30 + y. Let m(b) = -3*b - 8. What is m(j)?
10
Let f = -55 - -48. Let h = 8 + f. Let z(w) = 2*w. Calculate z(h).
2
Suppose -3*x = -2*u - 12, 4*u + 12 + 12 = 5*x. Let p(t) = t**3 + 6*t**2 - 2*t + 5. What is p(u)?
17
Let b(y) = y**3 + 2*y**2 - 4*y - 2. Let v be b(-3). Let u(t) be the second derivative of -5/3*t**3 + 17*t + 0 + 0*t**2. What is u(v)?
-10
Let j(y) = -3*y**2 - 5*y + 2*y**2 + 1140 - 1141. Calculate j(-2).
5
Let p(h) = h + 5. Suppose 3*j - 11 = 1. Let m be 54/10 - j/10. Suppose -4*s + b + 16 = 44, m*s + 34 = b. Give p(s).
-1
Let d(m) = -9*m**2. Let v(w) be the first derivative of -6 + 2*w**2 + w**3 + 1/4*w**4 + 3*w. Let b be v(-2). Calculate d(b).
-9
Let x(k) = k**2 - 8*k - 4. Let l be x(8). Let z(f) be the second derivative of 1/6*f**3 + 2*f + 0 - f**2. Give z(l).
-6
Let z(k) be the second derivative of 2*k**3/3 - k**2/2 - k. Let m = 86 - 86. Suppose 2*l - l + 3 = m. Calculate z(l).
-13
Let f(x) = -3*x - 2. Let o be f(-2). Let p = -3 + o. Let g(r) = 8*r - 6. Let y(w) = -w + 1. Let n(b) = g(b) + 5*y(b). Determine n(p).
2
Let s(q) = q**3 + q**2 + 2*q + 4. Suppose -4*u = -5*o - 19 + 39, -3*o = -2*u - 12. What is s(u)?
4
Let x = 10 - 7. Suppose a = -4*a - x*v + 13, -2*v + 12 = 4*a. Suppose -8 = a*k + 2. Let t(f) = -4*f + 1. Give t(k).
9
Suppose -2*z + 4*k + 8 = 0, -4*z - 11 = 2*k - 17. Let n(t) = 5*t**2 - 6*t - 1. What is n(z)?
7
Let l be 2 + (0/(-2))/(-1 + 2). Let g(a) = -2*a**2 + 5 - 5*a - 5 + a**l + 8. Calculate g(-6).
2
Suppose -19 - 17 = -12*a. Let l(n) = n**3 + 6*n**2 + 3*n - 3. Let b be l(-5). Let i(q) = 0 + q**3 - 2 + a*q + 2*q**2 - b*q. Give i(-3).
1
Let s(z) be the third derivative of z**4/2 + 5*z**3/6 + 412*z**2. Determine s(3).
41
Let v(m) be the third derivative of -m**5/20 + m**4/12 + m**3/6 + 2*m**2 + 66. Determine v(-2).
-15
Let i(r) = -r**3 + 4*r**2 + 2. Let o be (0 - 3)/(3/(-6)). Let d(l) = -l**3 + 3*l**2 - l - 2. Let q be d(2). Suppose q = -a + o - 2. Give i(a).
2
Let t(i) be the second derivative of 3*i + 0 + 6*i**2 + 1/12*i**4 + 1/6*i**3. Calculate t(0).
12
Suppose -7*m + 12 = -3*m. Suppose -3*k = m*p - k - 2, 2*k = 5*p + 2. Let d(j) = -1 - 7 + p - j. What is d(0)?
-8
Let t(u) = -3*u**3 - u. Let y be t(1). Let j be 54/(-12) + 2/y. Let f(s) be the second derivative of -s**5/20 - 5*s**4/12 + s**3/6 + s - 20. Give f(j).
-5
Suppose -3*o = 2*o - o. Let c(b) = 7 + 2*b**2 - 6 + 4*b + o - 3*b. What is c(3)?
22
Let b(j) be the first derivative of 1 - 3*j - 1/3*j**3 + 0*j**2. Calculate b(0).
-3
Let u(p) be the second derivative of -p**3/3 - 7*p**2/2 - 5*p. Let z be u(-6). Let x(t) = z - 6*t + 0*t**2 - 2 - t**2 - 4. What is x(-5)?
4
Let b(g) = -2*g + 4. Let f = 8 + -5. Suppose -49 = 4*u - 65. Suppose -u*j = -9*j, -w = -3*j + f. Calculate b(w).
10
Suppose 2*k - 4*q = 6*k, -4*q = 0. Let y(x) = x**3 + x**2 + x - 1. Let a(c) = 81 - 37 - 43. Let h(o) = 6*a(o) - y(o). Give h(k).
7
Suppose 30 = 3*u - 0*u. Let j(q) = -q**3 + 10*q**2 - 6. Determine j(u).
-6
Let n = -1840 - -1839. Let a(x) = 5*x. Give a(n).
-5
Suppose -4*k - 2 = 5*l + 14, 3*l + 8 = -2*k. Let a(m) = -2*m + 6*m + 6 + 0 - 1. Calculate a(k).
-11
Suppose 2*v + p + 10 = -4, 2*v = 3*p - 14. Let n(w) = w + 4. What is n(v)?
-3
Suppose i - 15 = -3*f, 3*i = -5*f + 10 + 15. Suppose i = -0*w - 5*w + 20. Suppose 8*c + 20 = w*c. Let l(k) = k**2 + 6*k + 3. Give l(c).
-2
Suppose 0 = -4*x - 5*p + 10 + 3, -2*x + 3*p = -1. Suppose x*r - 4*b = -10, 0 = 4*r + 3*b + 7 - 31. Let v be -3 - 4/(r - 4). Let l(a) = 8*a. What is l(v)?
8
Let q(k) be the third derivative of -k**6/120 - k**5/12 - k**4/6 - k**3 + 168*k**2. What is q(-4)?
-6
Suppose 2*w - 7*w - 15 = 0. Let q = 2 - w. Suppose 3*o = -3*p - 2*o - 1, -15 = q*p - 5*o. Let h(k) = k**2 - 2*k + 1. What is h(p)?
9
Suppose 48*s = 44*s + 4. Let x be 5/((-2 - s)/(-3)). Let v(o) = -o**2 + 6*o. Determine v(x).
5
Let a(c) be the third derivative of 0 - 4*c**2 - 1/24*c**4 + 0*c + 0*c**3. Give a(-4).
4
Let p(a) = a - 16. Suppose 2*k + 4*s = 26, -4*k + 3*s + 52 + 0 = 0. Calculate p(k).
-3
Let y(k) = k**2 + 14*k + 39. Let a be y(-9). Let f(s) = -2*s**2 - 2 + 4*s**2 + s**3 - 6*s + 3*s**2 + 6. Determine f(a).
4
Let m(v) = 3*v - 2*v + 34 - 24. Let j be m(-9). Let l(r) = r**3 + r**2. Give l(j).
2
Let h(i) = -23*i - 1. Let c(q) = -57*q - 3. Suppose 8*z = 60 + 36. Let f(x) = z*h(x) - 5*c(x). What is f(-2)?
-15
Let j(f) = -7 - 8 + 14. Let v(k) = 2*k**2 - 2*k - 10. Let r(m) = -12*j(m) + v(m). Give r(2).
6
Let g(q) = q**2 + 8*q - 5. Let r(u) = 2*u**2 + 17*u - 8. Let d(i) = 11*g(i) - 6*r(i). Calculate d(-6).
41
Let u(i) = 6*i + 13. Let a(m) = 2*m + 11. Let s(f) = -5*a(f) + 4*u(f). Give s(-2).
-31
Let f(i) = 10*i**2 + 3*i - 14. Let t(m) = 11*m**2 + 2*m - 11. Let a(n) = 4*f(n) - 5*t(n). Calculate a(1).
-14
Let s(x) = 4*x**3 - x**2 + 2*x - 1. Let y(c) = c**2 + 2*c - 7. Let i be y(-4). Determine s(i).
4
Let p(b) be the second derivative of b**3/3 - 5*b**2 + 15*b + 2. Calculate p(9).
8
Let h(c) = 4*c**3 + c**2 - 4*c + 4. Let q(m) = -7*m**3 - 2*m**2 + 8*m - 7. Let r(w) = 5*h(w) + 3*q(w). Suppose -48 = 6*f + 10*f. Determine r(f).
5
Let w(r) = r**2 - 2*r - 1. Let z = 65 + -49. Let c be z/72 + (-2)/(54/33). Give w(c).
2
Let d be ((-17)/(-17))/((-2)/14). Let i(w) = w**2 + w. Let c(b) = -6*b**2 - 11*b + 9. Let l(